{"id":530,"date":"2025-09-25T16:18:13","date_gmt":"2025-09-25T19:18:13","guid":{"rendered":"https:\/\/controlados.uenf.br\/?page_id=530"},"modified":"2025-09-25T16:41:47","modified_gmt":"2025-09-25T19:41:47","slug":"produtos-controlados-no-brasil-e-legislacao-vigente","status":"publish","type":"page","link":"https:\/\/controlados.uenf.br\/index.php\/pagina-inicial\/produtos-controlados-no-brasil-e-legislacao-vigente\/","title":{"rendered":"Produtos controlados no Brasil e Legisla\u00e7\u00e3o vigente"},"content":{"rendered":"\n<p class=\"has-text-align-left\">A legisla\u00e7\u00e3o vigente no Brasil para produtos controlados regula subst\u00e2ncias qu\u00edmicas que podem ser usadas na fabrica\u00e7\u00e3o de drogas il\u00edcitas, explosivos, armamento, e outros produtos que exigem controle rigoroso para garantir seguran\u00e7a p\u00fablica, meio ambiente e soberania nacional. Os principais dispositivos legais s\u00e3o a <a href=\"https:\/\/www.planalto.gov.br\/ccivil_03\/leis\/leis_2001\/l10357.htm\" target=\"_blank\" rel=\"noreferrer noopener\">Lei n\u00ba 10.357\/2001 <\/a>e o <a href=\"https:\/\/www.planalto.gov.br\/ccivil_03\/decreto\/2002\/d4262.htm\" target=\"_blank\" rel=\"noreferrer noopener\">Decreto n\u00ba 4.262\/2002<\/a>, com regulamenta\u00e7\u00f5es adicionais do <strong>Ex\u00e9rcito Brasileiro<\/strong>, <strong>Pol\u00edcia Federal<\/strong> e <strong>Pol\u00edcia Civil<\/strong>. O controle envolve registro, fiscaliza\u00e7\u00e3o, autoriza\u00e7\u00e3o para manuseio, transporte, armazenamento e comercializa\u00e7\u00e3o desses produtos.<\/p>\n\n\n\n<h2 class=\"wp-block-heading\" id=\"legislao-e-regulamentao-vigente\">Legisla\u00e7\u00e3o e Regulamenta\u00e7\u00e3o Vigente<\/h2>\n\n\n\n<ul class=\"wp-block-list\">\n<li><strong><a href=\"https:\/\/www.planalto.gov.br\/ccivil_03\/leis\/leis_2001\/l10357.htm\" target=\"_blank\" rel=\"noreferrer noopener\">Lei n\u00ba 10.357<\/a>, de 27 de dezembro de 2001:<\/strong>\u00a0Estabelece as normas de controle e fiscaliza\u00e7\u00e3o sobre os produtos qu\u00edmicos que possam ser destinados \u00e0 elabora\u00e7\u00e3o il\u00edcita de drogas ou que representem risco.<\/li>\n\n\n\n<li><strong><a href=\"https:\/\/www.planalto.gov.br\/ccivil_03\/decreto\/2002\/d4262.htm\" target=\"_blank\" rel=\"noreferrer noopener\">Decreto n\u00ba 4.262<\/a>, de 10 de junho de 2002:<\/strong>\u00a0Regulamenta a Lei n\u00ba 10.357 e define os procedimentos e \u00f3rg\u00e3os fiscais.<\/li>\n\n\n\n<li><strong><a href=\"https:\/\/www.gov.br\/pf\/pt-br\/assuntos\/produtos-quimicos\/legislacao\/portaria-240.pdf\/view\" target=\"_blank\" rel=\"noreferrer noopener\">Portaria MJSP n\u00ba 240\/2019<\/a>:<\/strong>\u00a0Regulamenta o controle e fiscaliza\u00e7\u00e3o dos produtos qu\u00edmicos pela Pol\u00edcia Federal.<\/li>\n\n\n\n<li><strong><a href=\"http:\/\/D10030 - Planalto  planalto.gov.br https:\/\/www.planalto.gov.br \u203a _ato2019-2022 \u203a decreto\" target=\"_blank\" rel=\"noreferrer noopener\">Decreto n\u00ba 10.030\/2019<\/a>:<\/strong>\u00a0Regulamenta o controle exercido pelo Ex\u00e9rcito sobre produtos controlados.<\/li>\n\n\n\n<li><strong><a href=\"http:\/\/www.dfpc.eb.mil.br\/phocadownload\/Portarias_EB_COLOG\/Portarian118.pdf\" target=\"_blank\" rel=\"noreferrer noopener\">Portaria COLOG n\u00ba 118\/2019<\/a>:<\/strong>\u00a0Lista os produtos controlados pelo Ex\u00e9rcito e define procedimentos.<\/li>\n<\/ul>\n\n\n\n<h2 class=\"wp-block-heading\" id=\"rgos-responsveis-pela-fiscalizao\">\u00d3rg\u00e3os Respons\u00e1veis pela Fiscaliza\u00e7\u00e3o<\/h2>\n\n\n\n<ul class=\"wp-block-list\">\n<li><strong>Ex\u00e9rcito Brasileiro:<\/strong>\u00a0Fiscaliza armas, muni\u00e7\u00f5es, explosivos, produtos qu\u00edmicos com uso militar e seguran\u00e7a nacional. \u00c9 respons\u00e1vel por emitir registros para pessoas ou empresas que lidam com produtos controlados militares.<\/li>\n\n\n\n<li><strong>Pol\u00edcia Federal:<\/strong>\u00a0Controla produtos qu\u00edmicos associados a drogas il\u00edcitas e outras subst\u00e2ncias qu\u00edmicas sob sua compet\u00eancia, incluindo emiss\u00e3o de certid\u00f5es e autoriza\u00e7\u00f5es.<\/li>\n\n\n\n<li><strong>Pol\u00edcia Civil:<\/strong>\u00a0Fiscaliza produtos qu\u00edmicos utilizados em contextos civis, incluindo controle local.<\/li>\n\n\n\n<li><strong>IBAMA:<\/strong>\u00a0Fiscaliza produtos qu\u00edmicos com impacto ambiental para garantir armazenamento, transporte e descarte adequados.<\/li>\n<\/ul>\n\n\n\n<h2 class=\"wp-block-heading\" id=\"procedimentos-para-manuseio-e-comrcio\">Procedimentos para Manuseio e Com\u00e9rcio<\/h2>\n\n\n\n<p>Para pessoas f\u00edsicas ou jur\u00eddicas manusearem produtos controlados, \u00e9 necess\u00e1rio:<\/p>\n\n\n\n<ul class=\"wp-block-list\">\n<li class=\"has-vivid-red-color has-text-color has-link-color wp-elements-fc6f25ed625f87810a7b5d7f2353c9ce\"><strong>Registro e cadastro junto aos \u00f3rg\u00e3os competentes (Pol\u00edcia Federal e Ex\u00e9rcito).<\/strong><\/li>\n\n\n\n<li class=\"has-vivid-red-color has-text-color has-link-color wp-elements-0eea233103d6a00c5c32802c632591c3\"><strong>Obten\u00e7\u00e3o de Licen\u00e7a de Funcionamento e certificados espec\u00edficos.<\/strong><\/li>\n\n\n\n<li class=\"has-vivid-red-color has-text-color has-link-color wp-elements-5e9a53ddbb8bebc25083da2e57887be4\"><strong>Cumprir as normativas t\u00e9cnicas e administrativas estabelecidas<\/strong>.<\/li>\n\n\n\n<li class=\"has-vivid-red-color has-text-color has-link-color wp-elements-45dcb279f46b0fc7a02b06b9b3a2f24e\"><strong>Adotar medidas de seguran\u00e7a para armazenamento, transporte e utiliza\u00e7\u00e3o.<\/strong><\/li>\n<\/ul>\n\n\n\n<p class=\"has-medium-font-size\"><strong>Principais obriga\u00e7\u00f5es de empresas que lidam com precursores qu\u00edmicos<\/strong><\/p>\n\n\n\n<h2 class=\"wp-block-heading\" id=\"procedimentos-para-manuseio-e-comrcio\">Principais obriga\u00e7\u00f5es de empresas que lidam com precursores qu\u00edmicos<\/h2>\n\n\n\n<p>As principais obriga\u00e7\u00f5es das empresas que lidam com precursores qu\u00edmicos no Brasil envolvem controle rigoroso para evitar o desvio dessas subst\u00e2ncias para a fabrica\u00e7\u00e3o il\u00edcita de drogas, garantindo conformidade legal e seguran\u00e7a. A empresa deve manter o cadastro e obter licen\u00e7as junto aos \u00f3rg\u00e3os competentes, como a Pol\u00edcia Federal, controlar rigorosamente o estoque, armazenar os precursores em locais exclusivos e seguros, al\u00e9m de manter documenta\u00e7\u00e3o detalhada e registros das opera\u00e7\u00f5es com esses produtos.<\/p>\n\n\n\n<h4 class=\"wp-block-heading\" id=\"obrigaes-legais-e-regulatrias\">              Obriga\u00e7\u00f5es Legais e Regulat\u00f3rias<\/h4>\n\n\n\n<ul class=\"wp-block-list\">\n<li>Apresentar, quando solicitado, documenta\u00e7\u00e3o e relat\u00f3rios para \u00f3rg\u00e3os fiscalizadores, como a Pol\u00edcia Federal.<\/li>\n\n\n\n<li>Obten\u00e7\u00e3o de cadastro e licen\u00e7as espec\u00edficas para manuseio, compra, venda e transporte de precursores qu\u00edmicos, conforme as listas oficiais de controle.<\/li>\n\n\n\n<li>Manter controle documental rigoroso, incluindo registros detalhados de entrada, sa\u00edda, uso e destino final dos precursores.<\/li>\n\n\n\n<li class=\"has-vivid-red-color has-text-color has-link-color wp-elements-5702cdc7f38e0abdcae9a54df5ab92e8\"><strong>Armazenamento dos produtos controlados em locais exclusivos, identificados, sob chave ou dispositivos que garantam seguran\u00e7a.<\/strong><\/li>\n<\/ul>\n\n\n\n<h2 class=\"wp-block-heading\" id=\"procedimentos-e-boas-prticas\">Procedimentos e Boas Pr\u00e1ticas<\/h2>\n\n\n\n<ul class=\"wp-block-list\">\n<li>Implementar sistemas eficazes de rastreabilidade para identificar cada transa\u00e7\u00e3o envolvendo precursores, garantindo transpar\u00eancia e facilidade de auditoria.<\/li>\n\n\n\n<li>Capacitar continuamente os funcion\u00e1rios sobre as normas vigentes e procedimentos internos para evitar irregularidades.<\/li>\n\n\n\n<li>Adotar tecnologias e softwares para gest\u00e3o documental que facilitem o controle e a atualiza\u00e7\u00e3o da conformidade regulat\u00f3ria.<\/li>\n\n\n\n<li>Reportar opera\u00e7\u00f5es suspeitas ou incomuns \u00e0s autoridades competentes para colaborar com a fiscaliza\u00e7\u00e3o.<\/li>\n<\/ul>\n\n\n\n<h2 class=\"wp-block-heading\" id=\"responsabilidades-tcnicas-e-ambientais\">Responsabilidades T\u00e9cnicas e Ambientais<\/h2>\n\n\n\n<ul class=\"wp-block-list\">\n<li class=\"has-vivid-red-color has-text-color has-link-color wp-elements-747aaef9ad81f8920d078d19393cd0a7\"><strong>Designar respons\u00e1vel t\u00e9cnico com registro profissional adequado (por exemplo, no Conselho Regional de Qu\u00edmica &#8211; CRQ) para supervisionar a gest\u00e3o dos precursores.<\/strong><\/li>\n\n\n\n<li class=\"has-vivid-red-color has-text-color has-link-color wp-elements-336df6189bc6ab80abed29895ad86173\"><strong>Cumprir com normas ambientais e de seguran\u00e7a no manuseio, armazenamento, transporte e descarte de produtos qu\u00edmicos.<\/strong><\/li>\n\n\n\n<li class=\"has-vivid-red-color has-text-color has-link-color wp-elements-6a8590a4227d590c6c68cf8daed4b371\"><strong>Implementar medidas para minimizar riscos de acidentes e impactos ambientais associados aos precursores qu\u00edmicos.<\/strong><\/li>\n<\/ul>\n\n\n\n<p>Essas obriga\u00e7\u00f5es s\u00e3o fundamentais para que as empresas atendam a legisla\u00e7\u00e3o vigente no Brasil, evitem san\u00e7\u00f5es legais e contribuam para a seguran\u00e7a p\u00fablica e ambiental.<\/p>\n\n\n\n<p><\/p>\n","protected":false},"excerpt":{"rendered":"<p>A legisla\u00e7\u00e3o vigente no Brasil para produtos controlados regula subst\u00e2ncias qu\u00edmicas que podem ser usadas na fabrica\u00e7\u00e3o de drogas il\u00edcitas, explosivos, armamento, e outros produtos que exigem controle rigoroso para garantir seguran\u00e7a p\u00fablica, meio ambiente e soberania nacional. Os principais dispositivos legais s\u00e3o a Lei n\u00ba 10.357\/2001 e o Decreto n\u00ba 4.262\/2002, com regulamenta\u00e7\u00f5es adicionais [&hellip;]<\/p>\n","protected":false},"author":3,"featured_media":0,"parent":5,"menu_order":0,"comment_status":"closed","ping_status":"closed","template":"","meta":{"footnotes":""},"class_list":["post-530","page","type-page","status-publish","hentry"],"_links":{"self":[{"href":"https:\/\/controlados.uenf.br\/index.php\/wp-json\/wp\/v2\/pages\/530","targetHints":{"allow":["GET"]}}],"collection":[{"href":"https:\/\/controlados.uenf.br\/index.php\/wp-json\/wp\/v2\/pages"}],"about":[{"href":"https:\/\/controlados.uenf.br\/index.php\/wp-json\/wp\/v2\/types\/page"}],"author":[{"embeddable":true,"href":"https:\/\/controlados.uenf.br\/index.php\/wp-json\/wp\/v2\/users\/3"}],"replies":[{"embeddable":true,"href":"https:\/\/controlados.uenf.br\/index.php\/wp-json\/wp\/v2\/comments?post=530"}],"version-history":[{"count":6,"href":"https:\/\/controlados.uenf.br\/index.php\/wp-json\/wp\/v2\/pages\/530\/revisions"}],"predecessor-version":[{"id":541,"href":"https:\/\/controlados.uenf.br\/index.php\/wp-json\/wp\/v2\/pages\/530\/revisions\/541"}],"up":[{"embeddable":true,"href":"https:\/\/controlados.uenf.br\/index.php\/wp-json\/wp\/v2\/pages\/5"}],"wp:attachment":[{"href":"https:\/\/controlados.uenf.br\/index.php\/wp-json\/wp\/v2\/media?parent=530"}],"curies":[{"name":"wp","href":"https:\/\/api.w.org\/{rel}","templated":true}]}}